+ -41?
-13390
In base 4, what is -3003 + -131?
-3200
In base 7, what is 3 - 1302063?
-1302060
In base 12, what is -3 + 753a?
7537
In base 6, what is 24125 - -2?
24131
In base 11, what is 213 - -25?
238
In base 16, what is -1 + -213a?
-213b
In base 4, what is -10 - 2212030?
-2212100
In base 13, what is -2 - 5854?
-5856
In base 12, what is 50 - -4989?
4a19
In base 12, what is -1 + -21659b?
-2165a0
In base 3, what is 202100110021 + -22?
202100102222
In base 10, what is 27 - 11774?
-11747
In base 4, what is -11010311 - -11?
-11010300
In base 15, what is 3e87 - -81?
4018
In base 6, what is 3142251 - -3?
3142254
In base 15, what is -3 + 2101?
20ed
In base 13, what is 22a + -245?
-18
In base 4, what is -220230133 - 1?
-220230200
In base 6, what is 42 - -50451?
50533
In base 10, what is -6314 + 491?
-5823
In base 16, what is -27253 - -4?
-2724f
In base 10, what is 20 + 4424?
4444
In base 6, what is 3 + -20011050?
-20011043
In base 10, what is -750209 + 1?
-750208
In base 14, what is -ad2ab + 3?
-ad2a8
In base 6, what is 0 - -135304?
135304
In base 10, what is 21923 + 0?
21923
In base 13, what is 4b0 - -121?
601
In base 16, what is -1 + 29323?
29322
In base 5, what is 1 + -2223011?
-2223010
In base 4, what is 20332 - -22222?
103220
In base 10, what is 181 - 3?
178
In base 10, what is 496 - 349?
147
In base 6, what is 10424514 - -4?
10424522
In base 11, what is 14877 - -71?
14938
In base 10, what is 3 + 148503?
148506
In base 5, what is 1413120 - -103?
1413223
In base 15, what is -1a21 + -40?
-1a61
In base 10, what is -87 + 6589?
6502
In base 11, what is 229 + -418?
-19a
In base 13, what is 113283 - -2?
113285
In base 16, what is 5 - 47df?
-47da
In base 9, what is 883 + 38?
1032
In base 5, what is 101314 - 4?
101310
In base 3, what is -102000101 - -202?
-101222122
In base 9, what is -4 + -17463?
-17467
In base 10, what is 107158 - 2?
107156
In base 3, what is -100 + 202121020?
202120220
In base 9, what is 4185 + -2?
4183
In base 4, what is 2010113 - -20?
2010133
In base 9, what is -41 - 645?
-686
In base 6, what is 5331114 + -1?
5331113
In base 7, what is 3 - -1154431?
1154434
In base 16, what is -21ae - 16?
-21c4
In base 15, what is 5921 - 1a?
5906
In base 14, what is -c6a7 + 99?
-c60c
In base 4, what is 310 + 3102101?
3103011
In base 9, what is -5 - -17037?
17032
In base 12, what is -8a6 + 112?
-794
In base 7, what is -2232602 + 4?
-2232565
In base 5, what is 140413 - 422?
134441
In base 13, what is 1259 - 6c?
11ba
In base 14, what is -8 - 2615?
-261d
In base 5, what is 12330 - -1212?
14042
In base 5, what is 3110 + -2123?
432
In base 9, what is 5 - 10275?
-10270
In base 10, what is 27 - -5230?
5257
In base 14, what is -a - -10c34?
10c28
In base 3, what is -2111221001 + 102?
-2111220122
In base 12, what is -1099 - -91?
-1008
In base 7, what is 10623 - 15?
10605
In base 15, what is 1312 + -20?
12e2
In base 14, what is -dc + 6d5c?
6c60
In base 9, what is -137 - 10602?
-10740
In base 9, what is 3154 + -36?
3117
In base 15, what is 78b - -a?
796
In base 2, what is 10110111010 - -110?
10111000000
In base 2, what is 1110011001110 - 10001011?
1110001000011
In base 12, what is 23 - a111?
-a0aa
In base 8, what is 56 - -27622?
27700
In base 8, what is -5 + -6014?
-6021
In base 12, what is 11 - 3173?
-3162
In base 9, what is 32 - -33402?
33434
In base 14, what is -22363 + 3?
-22360
In base 16, what is 38 - 20d?
-1d5
In base 6, what is -11 - -203541?
203530
In base 10, what is 2790926 + -2?
2790924
In base 10, what is -302 + -59?
-361
In base 10, what is 6 - 106317?
-106311
In base 14, what is -b756 - -5?
-b751
In base 15, what is -7990 + -3?
-7993
In base 15, what is -2 + -14d173?
-14d175
In base 9, what is -142 - -18?
-123
In base 4, what is 1211321010 + 0?
1211321010
In base 5, what is 2010 - -33010?
40020
In base 7, what is -1406 - 2332?
-4041
In base 6, what is 122211 - 0?
122211
In base 9, what is 788 - 26?
762
In base 6, what is 1414 + -523?
451
In base 11, what is 47390 - 11?
4737a
In base 16, what is -5a485 + -5?
-5a48a
In base 4, what is -122331031 + -3?
-122331100
In base 12, what is 34a67 - 3?
34a64
In base 8, what is -4 - 656107?
-656113
In base 11, what is -21a5 - 1a1?
-2396
In base 11, what is -381 - 1527?
-18a8
In base 10, what is -5 - 42582?
-42587
In base 2, what is -1001010011001 + 11110001?
-1000110101000
In base 12, what is 236a6 + 7?
236b1
In base 9, what is 1 - 11125?
-11124
In base 14, what is d - -65c5?
65d4
In base 16, what is -4 + -5aca?
-5ace
In base 14, what is -43 - 3d2?
-435
In base 7, what is 246522 - -5?
246530
In base 10, what is 3 + -34244?
-34241
In base 11, what is 5119a - 3?
51197
In base 15, what is a4 + -588?
-4d4
In base 10, what is 2 + -122?
-120
In base 10, what is 5 - -114583?
114588
In base 5, what is -300043 + 14?
-300024
In base 5, what is 1432 - 23?
1404
In base 14, what is c0a + -57?
b93
In base 7, what is 4651 + -422?
4226
In base 7, what is -6 - 131600?
-131606
In base 13, what is 54 + -79?
-25
In base 2, what is -10 + -101010010110001?
-101010010110011
In base 16, what is 25df7 + -3?
25df4
In base 11, what is -57 + 21a3?
2147
In base 15, what is -2 - -398a2?
398a0
In base 15, what is 3658 + -3?
3655
In base 6, what is 50340 - 14?
50322
In base 10, what is 5363 + -51?
5312
In base 9, what is 2383026 - -4?
2383031
In base 11, what is 4 - 404738?
-404734
In base 10, what is 331 - 440?
-109
In base 6, what is -352 + 520?
124
In base 8, what is -46 + 103240?
103172
In base 13, what is 17 - 32c2?
-32a8
In base 8, what is 41 - -457?
520
In base 12, what is 54 - b8?
-64
In base 9, what is -5 - -238817?
238812
In base 8, what is 170 - -21663?
22053
In base 10, what is 72100 + 20?
72120
In base 5, what is -4 + 3401?
3342
In base 11, what is -34489 + 0?
-34489
In base 10, what is -397 - -3489?
3092
In base 2, what is 11001010 - -10010111?
101100001
In base 15, what is -e - 20e4?
-2103
In base 2, what is 100 + 10000100010000111?
10000100010001011
In base 6, what is -101542 - 433?
-102415
In base 12, what is -126 + -33?
-159
In base 9, what is -31362 - -1?
-31361
In base 5, what is 11403 - 223?
11130
In base 2, what is 10010100100000011000110 + 0?
10010100100000011000110
In base 5, what is 101 + -10032?
-4431
In base 5, what is 3 + 2123112?
2123120
In base 6, what is 115 + -3102?
-2543
In base 10, what is -1 + -3766?
-3767
In base 5, what is -132121 - 11?
-132132
In base 13, what is 16932 - -3?
16935
In base 7, what is -10 - 22235?
-22245
In base 5, what is -24241 - -220?
-24021
In base 15, what is -11 - -b120?
b10e
In base 12, what is -63750 - 3?
-63753
In base 11, what is -61a26 - 4?
-61a2a
In base 11, what is -8a + -368?
-447
In base 11, what is -47 + 97?
50
In base 2, what is 1100000100010100100110 + -101?
1100000100010100100001
In base 11, what is -115 - 218?
-332
In base 10, what is 1 + -43383?
-43382
In base 13, what is -c4496 + -8?
-c44a1
In base 9, what is -1 - 127377?
-127378
In base 7, what is 664013 + 5?
664021
In base 15, what is 8 + 135?
13d
In base 15, what is b1a - -1be?
cd9
In base 2, what is -1110011000 - 10110?
-1110101110
In base 5, what is -2 + 4101?
4044
In base 6, what is -405 + 1023?
214
In base 6, what is 14213023 - 1?
14213022
In base 6, what is 354 + 53122?
53520
In base 9, what is -145138 + -3?
-145142
In base 3, what is -120100 + 10101?
-102222
In base 16, what is 7 + 22de8?
22def
In base 15, what is -4 + -4ebb?
-4ec0
In base 2, what is -10 + 1000110101101001?
1000110101100111
In base 10, what is 233520 - 2?
233518
In base 11, what is -11 - 2216?
-2227
In base 5, what is -10 + 33423041?
33423031
In base 9, what is -12 - 3421?
-3433
In base 8, what is -1 + -205471?
-205472
In base 6, what is 4253334 + 14?
4253352
In base 3, what is -2 + -10212201011?
-10212201020
In base 12, what is -746 + 29b?
-467
In base 2, what is 100100101011 + 10010001100?
110110110111
In base 6, what is 2 + -1135513?
-1135511
In base 10, what is -122 + -3146?
-3268
In base 7, what is -14110030 - 0?
-14110030
In base 8, what is -1267 - 34?
-1323
In base 14, what is 7b46b + -4?
7b467
In base 6, what is -135 + -1353?
-1532
In base 5, what is 3 + -4112330?
-4112322
In base 8, what is -53707 - 4?
-53713
In base 3, what is 0 + 221021200121?
221021200121
In base 10, what is 371 - 67?
304
In base 12, what is 2611a - -1?
2611b
